ided by 8811?
18
What is the remainder when 3408 is divided by 310?
308
What is the remainder when 19321 is divided by 19316?
5
Calculate the remainder when 60538 is divided by 60536.
2
What is the remainder when 485797 is divided by 87?
76
What is the remainder when 225658 is divided by 114?
52
What is the remainder when 82713 is divided by 54?
39
Calculate the remainder when 130173 is divided by 477.
429
Calculate the remainder when 544 is divided by 165.
49
Calculate the remainder when 7006 is divided by 664.
366
Calculate the remainder when 102395 is divided by 640.
635
Calculate the remainder when 74403 is divided by 262.
257
What is the remainder when 493682 is divided by 83?
81
Calculate the remainder when 69816 is divided by 17453.
4
What is the remainder when 67266 is divided by 227?
74
Calculate the remainder when 17917 is divided by 512.
509
Calculate the remainder when 3942 is divided by 35.
22
What is the remainder when 4956 is divided by 43?
11
What is the remainder when 4555 is divided by 91?
5
What is the remainder when 229244 is divided by 2547?
14
Calculate the remainder when 6604 is divided by 6528.
76
What is the remainder when 9732 is divided by 314?
312
Calculate the remainder when 1345344 is divided by 462.
0
What is the remainder when 181071 is divided by 10058?
27
What is the remainder when 203035 is divided by 38?
1
Calculate the remainder when 28018 is divided by 784.
578
Calculate the remainder when 69418 is divided by 2891.
34
What is the remainder when 2809181 is divided by 32?
29
What is the remainder when 349166 is divided by 2494?
6
Calculate the remainder when 59 is divided by 26.
7
Calculate the remainder when 273652 is divided by 414.
412
What is the remainder when 103027 is divided by 86?
85
Calculate the remainder when 71059 is divided by 38.
37
What is the remainder when 27284 is divided by 605?
59
Calculate the remainder when 23186 is divided by 3280.
226
What is the remainder when 8122818 is divided by 2424?
2418
Calculate the remainder when 22336 is divided by 1312.
32
Calculate the remainder when 494 is divided by 72.
62
Calculate the remainder when 110002 is divided by 89.
87
What is the remainder when 860 is divided by 192?
92
Calculate the remainder when 880 is divided by 247.
139
What is the remainder when 34704 is divided by 738?
18
Calculate the remainder when 9482 is divided by 1895.
7
Calculate the remainder when 24258 is divided by 7.
3
Calculate the remainder when 8322 is divided by 171.
114
Calculate the remainder when 3410 is divided by 427.
421
What is the remainder when 19009 is divided by 432?
1
Calculate the remainder when 34749 is divided by 358.
23
What is the remainder when 3803 is divided by 635?
628
Calculate the remainder when 781 is divided by 217.
130
Calculate the remainder when 1713 is divided by 217.
194
Calculate the remainder when 4233 is divided by 87.
57
What is the remainder when 3750 is divided by 392?
222
Calculate the remainder when 29641 is divided by 5927.
6
Calculate the remainder when 5180 is divided by 38.
12
What is the remainder when 26275 is divided by 204?
163
Calculate the remainder when 425836 is divided by 159.
34
Calculate the remainder when 10794 is divided by 33.
3
What is the remainder when 128846 is divided by 25769?
1
What is the remainder when 3910 is divided by 15?
10
What is the remainder when 4829 is divided by 1608?
5
Calculate the remainder when 88656 is divided by 26.
22
Calculate the remainder when 1199 is divided by 222.
89
Calculate the remainder when 7152 is divided by 1017.
33
What is the remainder when 9539 is divided by 3165?
44
What is the remainder when 4199612 is divided by 72?
68
What is the remainder when 5014 is divided by 81?
73
What is the remainder when 17602 is divided by 8546?
510
Calculate the remainder when 350892 is divided by 175441.
10
What is the remainder when 554 is divided by 387?
167
What is the remainder when 62246 is divided by 16?
6
Calculate the remainder when 116194 is divided by 53.
18
Calculate the remainder when 606 is divided by 540.
66
What is the remainder when 13438 is divided by 80?
78
Calculate the remainder when 29215 is divided by 29206.
9
What is the remainder when 68541 is divided by 14?
11
Calculate the remainder when 9882 is divided by 4824.
234
What is the remainder when 67683 is divided by 35?
28
Calculate the remainder when 2766 is divided by 45.
21
What is the remainder when 336 is divided by 13?
11
Calculate the remainder when 7448 is divided by 810.
158
What is the remainder when 342485 is divided by 54?
17
Calculate the remainder when 161951 is divided by 16.
15
Calculate the remainder when 611568 is divided by 1783.
1782
Calculate the remainder when 650 is divided by 474.
176
Calculate the remainder when 325326 is divided by 51.
48
Calculate the remainder when 15276 is divided by 111.
69
Calculate the remainder when 601779 is divided by 14328.
3
Calculate the remainder when 90744 is divided by 378.
24
Calculate the remainder when 8313 is divided by 1120.
473
Calculate the remainder when 1961 is divided by 7.
1
Calculate the remainder when 4118 is divided by 92.
70
Calculate the remainder when 3066 is divided by 523.
451
Calculate the remainder when 65056 is divided by 16262.
8
Calculate the remainder when 318334 is divided by 8.
6
Calculate the remainder when 358088 is divided by 35807.
18
Calculate the remainder when 884 is divided by 825.
59
Calculate the remainder when 1491 is divided by 82.
15
What is the remainder when 37249 is divided by 1785?
1549
Calculate the remainder when 117425 is divided by 22.
11
What is the remainder when 2125998 is divided by 8?
6
Calculate the remainder when 2753 is divided by 2567.
186
Calculate the remainder when 20157 is divided by 8.
5
What is the remainder when 55582 is divided by 3704?
22
Calculate the remainder when 4923863 is divided by 66.
65
What is the remainder when 20336 is divided by 115?
96
Calculate the remainder when 9477 is divided by 1884.
57
Calculate the remainder when 65028 is divided by 70.
68
What is the remainder when 300654 is divided by 20043?
9
What is the remainder when 4726 is divided by 2185?
356
What is the remainder when 395 is divided by 111?
62
What is the remainder when 4282 is divided by 4213?
69
What is the remainder when 2530 is divided by 159?
145
Calculate the remainder when 11489 is divided by 3790.
119
Calculate the remainder when 11772 is divided by 2875.
272
What is the remainder when 8054 is divided by 726?
68
Calculate the remainder when 14489 is divided by 7124.
241
Calculate the remainder when 4870 is divided by 4786.
84
Calculate the remainder when 84380 is divided by 2214.
248
Calculate the remainder when 11680 is divided by 1941.
34
Calculate the remainder when 996 is divided by 251.
243
Calculate the remainder when 141381 is divided by 113.
18
What is the remainder when 6333 is divided by 72?
69
Calculate the remainder when 9253 is divided by 850.
753
What is the remainder when 54497 is divided by 250?
247
Calculate the remainder when 170217 is divided by 28368.
9
What is the remainder when 10294 is divided by 10245?
49
Calculate the remainder when 4387 is divided by 259.
243
What is the remainder when 50205 is divided by 3586?
1
What is the remainder when 2826 is divided by 144?
90
What is the remainder when 849309 is divided by 864?
861
Calculate the remainder when 95157 is divided by 120.
117
Calculate the remainder when 82470 is divided by 2061.
30
What is the remainder when 22590 is divided by 1122?
150
Calculate the remainder when 7674 is divided by 11.
7
Calculate the remainder when 16686 is divided by 393.
180
Calculate the remainder when 34528 is divided by 17227.
74
What is the remainder when 103739 is divided by 35?
34
What is the remainder when 771581 is divided by 704?
701
What is the remainder when 31417 is divided by 188?
21
What is the remainder when 181517 is divided by 19?
10
Calculate the remainder when 10885 is divided by 3617.
34
Calculate the remainder when 166328 is divided by 83149.
30
What is the remainder when 1922294 is divided by 518?
514
Calculate the remainder when 185741 is divided by 611.
608
Calculate the remainder when 121881 is divided by 12187.
11
Calculate the 